{"id":1940,"date":"2018-09-12T00:18:18","date_gmt":"2018-09-12T00:18:18","guid":{"rendered":"https:\/\/mc2-productions.net\/site\/femmesduchaosvenezuelien\/?page_id=1940"},"modified":"2018-09-12T03:16:03","modified_gmt":"2018-09-12T03:16:03","slug":"producteurs-distributeurs-producers-distributors","status":"publish","type":"page","link":"https:\/\/mc2-productions.net\/site\/femmesduchaosvenezuelien\/producteurs-distributeurs-producers-distributors\/","title":{"rendered":"Producteurs-Producers<br>Distributeurs-Distributors"},"content":{"rendered":"<h5><strong>Producteurs -Producers <\/strong><\/h5>\n<p>Producer &#8211; Producteur<br \/>\nMC2 Productions<br \/>\nJean Fran\u00e7ois Besse<br \/>\n<span style=\"color: #0000ff;\"><a style=\"color: #0000ff;\" href=\"http:\/\/www.mc2-productions.net\" target=\"_blank\" rel=\"noopener\">www.mc2-productions.net<\/a><\/span><\/p>\n<p>Co-Producer<br \/>\nLes Films d\u2019ici<br \/>\nCharlotte Uzu<br \/>\n<span style=\"color: #0000ff;\"><a style=\"color: #0000ff;\" href=\"http:\/\/www.lesfilmsdici.fr\" target=\"_blank\" rel=\"noopener\">www.lesfilmsdici.fr<\/a><\/span><\/p>\n<h5><strong>Distributeurs- Distributors<\/strong><\/h5>\n<p><strong>France<br \/>\n<\/strong>SDDistribution<br \/>\nSophie Dulac<br \/>\n<span style=\"color: #0000ff;\"><a style=\"color: #0000ff;\" href=\"http:\/\/www.sddistribution.fr\" target=\"_blank\" rel=\"noopener\">www.sddistribution.fr<\/a><\/span><\/p>\n<p><strong>Ventes Internationales \u2013 Word Sales<br \/>\n<\/strong>Cat &amp; Docs<br \/>\nCatherine Le Clef<br \/>\n<span style=\"color: #0000ff;\"><a style=\"color: #0000ff;\" href=\"http:\/\/www.catndocs.com\" target=\"_blank\" rel=\"noopener\">www.catndocs.com<\/a><\/span><\/p>\n<p><strong>\u00c9tats Unis \u2013 United States<br \/>\n<\/strong>Grasshopper Film<br \/>\nRyan Krivoshey<br \/>\n<span style=\"color: #0000ff;\"><a style=\"color: #0000ff;\" href=\"http:\/\/www.grasshopperfilm.com\" target=\"_blank\" rel=\"noopener\">www.grasshopperfilm.com<\/a><\/span><\/p>\n<p><strong>Am\u00e9rique Latine \u2013 Latin America<br \/>\n<\/strong>Federation entertainment<br \/>\nLeyla Formoso<br \/>\n<span style=\"color: #0000ff;\"><a style=\"color: #0000ff;\" href=\"http:\/\/www.fedent.com\" target=\"_blank\" rel=\"noopener\">www.fedent.com<\/a><\/span><\/p>\n","protected":false},"excerpt":{"rendered":"<p>Producteurs -Producers Producer &#8211; Producteur MC2 Productions Jean Fran\u00e7ois Besse www.mc2-productions.net Co-Producer Les Films d\u2019ici Charlotte Uzu www.lesfilmsdici.fr Distributeurs- Distributors France SDDistribution Sophie Dulac www.sddistribution.fr Ventes Internationales \u2013 Word Sales Cat &amp; Docs Catherine Le Clef www.catndocs.com \u00c9tats Unis \u2013 United States Grasshopper Film Ryan Krivoshey www.grasshopperfilm.com Am\u00e9rique Latine \u2013 Latin America Federation entertainment Leyla [&hellip;]<\/p>\n","protected":false},"author":1,"featured_media":0,"parent":0,"menu_order":0,"comment_status":"closed","ping_status":"closed","template":"","meta":{"_et_pb_use_builder":"","_et_pb_old_content":"","footnotes":""},"class_list":["post-1940","page","type-page","status-publish","hentry"],"yoast_head":"<!-- This site is optimized with the Yoast SEO plugin v27.2 - https:\/\/yoast.com\/product\/yoast-seo-wordpress\/ -->\n<title>Producteurs-ProducersDistributeurs-Distributors - Femmes du Chaos V\u00e9n\u00e9zu\u00e9lien \/ Women of the Venezuelan Chaos - Margarita Cadenas<\/title>\n<meta name=\"robots\" content=\"index, follow, max-snippet:-1, max-image-preview:large, max-video-preview:-1\" \/>\n<link rel=\"canonical\" href=\"https:\/\/mc2-productions.net\/site\/femmesduchaosvenezuelien\/producteurs-distributeurs-producers-distributors\/\" \/>\n<meta property=\"og:locale\" content=\"en_US\" \/>\n<meta property=\"og:type\" content=\"article\" \/>\n<meta property=\"og:title\" content=\"Producteurs-ProducersDistributeurs-Distributors - Femmes du Chaos V\u00e9n\u00e9zu\u00e9lien \/ Women of the Venezuelan Chaos - Margarita Cadenas\" \/>\n<meta property=\"og:description\" content=\"Producteurs -Producers Producer &#8211; Producteur MC2 Productions Jean Fran\u00e7ois Besse www.mc2-productions.net Co-Producer Les Films d\u2019ici Charlotte Uzu www.lesfilmsdici.fr Distributeurs- Distributors France SDDistribution Sophie Dulac www.sddistribution.fr Ventes Internationales \u2013 Word Sales Cat &amp; Docs Catherine Le Clef www.catndocs.com \u00c9tats Unis \u2013 United States Grasshopper Film Ryan Krivoshey www.grasshopperfilm.com Am\u00e9rique Latine \u2013 Latin America Federation entertainment Leyla [&hellip;]\" \/>\n<meta property=\"og:url\" content=\"https:\/\/mc2-productions.net\/site\/femmesduchaosvenezuelien\/producteurs-distributeurs-producers-distributors\/\" \/>\n<meta property=\"og:site_name\" content=\"Femmes du Chaos V\u00e9n\u00e9zu\u00e9lien \/ Women of the Venezuelan Chaos - Margarita Cadenas\" \/>\n<meta property=\"article:modified_time\" content=\"2018-09-12T03:16:03+00:00\" \/>\n<meta name=\"twitter:card\" content=\"summary_large_image\" \/>\n<script type=\"application\/ld+json\" class=\"yoast-schema-graph\">{\"@context\":\"https:\/\/schema.org\",\"@graph\":[{\"@type\":\"WebPage\",\"@id\":\"https:\/\/mc2-productions.net\/site\/femmesduchaosvenezuelien\/producteurs-distributeurs-producers-distributors\/\",\"url\":\"https:\/\/mc2-productions.net\/site\/femmesduchaosvenezuelien\/producteurs-distributeurs-producers-distributors\/\",\"name\":\"Producteurs-Producers Distributeurs-Distributors - Femmes du Chaos V\u00e9n\u00e9zu\u00e9lien \/ Women of the Venezuelan Chaos - Margarita Cadenas\",\"isPartOf\":{\"@id\":\"https:\/\/mc2-productions.net\/site\/femmesduchaosvenezuelien\/#website\"},\"datePublished\":\"2018-09-12T00:18:18+00:00\",\"dateModified\":\"2018-09-12T03:16:03+00:00\",\"breadcrumb\":{\"@id\":\"https:\/\/mc2-productions.net\/site\/femmesduchaosvenezuelien\/producteurs-distributeurs-producers-distributors\/#breadcrumb\"},\"inLanguage\":\"en-US\",\"potentialAction\":[{\"@type\":\"ReadAction\",\"target\":[\"https:\/\/mc2-productions.net\/site\/femmesduchaosvenezuelien\/producteurs-distributeurs-producers-distributors\/\"]}]},{\"@type\":\"BreadcrumbList\",\"@id\":\"https:\/\/mc2-productions.net\/site\/femmesduchaosvenezuelien\/producteurs-distributeurs-producers-distributors\/#breadcrumb\",\"itemListElement\":[{\"@type\":\"ListItem\",\"position\":1,\"name\":\"Home\",\"item\":\"https:\/\/mc2-productions.net\/site\/femmesduchaosvenezuelien\/\"},{\"@type\":\"ListItem\",\"position\":2,\"name\":\"Producteurs-ProducersDistributeurs-Distributors\"}]},{\"@type\":\"WebSite\",\"@id\":\"https:\/\/mc2-productions.net\/site\/femmesduchaosvenezuelien\/#website\",\"url\":\"https:\/\/mc2-productions.net\/site\/femmesduchaosvenezuelien\/\",\"name\":\"Femmes du Chaos V\u00e9n\u00e9zu\u00e9lien \/ Women of the Venezuelan Chaos - Margarita Cadenas\",\"description\":\"un documentaire\",\"publisher\":{\"@id\":\"https:\/\/mc2-productions.net\/site\/femmesduchaosvenezuelien\/#organization\"},\"potentialAction\":[{\"@type\":\"SearchAction\",\"target\":{\"@type\":\"EntryPoint\",\"urlTemplate\":\"https:\/\/mc2-productions.net\/site\/femmesduchaosvenezuelien\/?s={search_term_string}\"},\"query-input\":{\"@type\":\"PropertyValueSpecification\",\"valueRequired\":true,\"valueName\":\"search_term_string\"}}],\"inLanguage\":\"en-US\"},{\"@type\":\"Organization\",\"@id\":\"https:\/\/mc2-productions.net\/site\/femmesduchaosvenezuelien\/#organization\",\"name\":\"Femmes du Chaos V\u00e9n\u00e9zu\u00e9lien \/ Women of the Venezuelan Chaos - Margarita Cadenas\",\"url\":\"https:\/\/mc2-productions.net\/site\/femmesduchaosvenezuelien\/\",\"logo\":{\"@type\":\"ImageObject\",\"inLanguage\":\"en-US\",\"@id\":\"https:\/\/mc2-productions.net\/site\/femmesduchaosvenezuelien\/#\/schema\/logo\/image\/\",\"url\":\"https:\/\/mc2-productions.net\/site\/femmesduchaosvenezuelien\/wp-content\/uploads\/2017\/10\/Logo-Femme-du-Chaos-Menu-web.png\",\"contentUrl\":\"https:\/\/mc2-productions.net\/site\/femmesduchaosvenezuelien\/wp-content\/uploads\/2017\/10\/Logo-Femme-du-Chaos-Menu-web.png\",\"width\":960,\"height\":489,\"caption\":\"Femmes du Chaos V\u00e9n\u00e9zu\u00e9lien \/ Women of the Venezuelan Chaos - Margarita Cadenas\"},\"image\":{\"@id\":\"https:\/\/mc2-productions.net\/site\/femmesduchaosvenezuelien\/#\/schema\/logo\/image\/\"}}]}<\/script>\n<!-- \/ Yoast SEO plugin. -->","yoast_head_json":{"title":"Producteurs-ProducersDistributeurs-Distributors - Femmes du Chaos V\u00e9n\u00e9zu\u00e9lien \/ Women of the Venezuelan Chaos - Margarita Cadenas","robots":{"index":"index","follow":"follow","max-snippet":"max-snippet:-1","max-image-preview":"max-image-preview:large","max-video-preview":"max-video-preview:-1"},"canonical":"https:\/\/mc2-productions.net\/site\/femmesduchaosvenezuelien\/producteurs-distributeurs-producers-distributors\/","og_locale":"en_US","og_type":"article","og_title":"Producteurs-ProducersDistributeurs-Distributors - Femmes du Chaos V\u00e9n\u00e9zu\u00e9lien \/ Women of the Venezuelan Chaos - Margarita Cadenas","og_description":"Producteurs -Producers Producer &#8211; Producteur MC2 Productions Jean Fran\u00e7ois Besse www.mc2-productions.net Co-Producer Les Films d\u2019ici Charlotte Uzu www.lesfilmsdici.fr Distributeurs- Distributors France SDDistribution Sophie Dulac www.sddistribution.fr Ventes Internationales \u2013 Word Sales Cat &amp; Docs Catherine Le Clef www.catndocs.com \u00c9tats Unis \u2013 United States Grasshopper Film Ryan Krivoshey www.grasshopperfilm.com Am\u00e9rique Latine \u2013 Latin America Federation entertainment Leyla [&hellip;]","og_url":"https:\/\/mc2-productions.net\/site\/femmesduchaosvenezuelien\/producteurs-distributeurs-producers-distributors\/","og_site_name":"Femmes du Chaos V\u00e9n\u00e9zu\u00e9lien \/ Women of the Venezuelan Chaos - Margarita Cadenas","article_modified_time":"2018-09-12T03:16:03+00:00","twitter_card":"summary_large_image","schema":{"@context":"https:\/\/schema.org","@graph":[{"@type":"WebPage","@id":"https:\/\/mc2-productions.net\/site\/femmesduchaosvenezuelien\/producteurs-distributeurs-producers-distributors\/","url":"https:\/\/mc2-productions.net\/site\/femmesduchaosvenezuelien\/producteurs-distributeurs-producers-distributors\/","name":"Producteurs-Producers Distributeurs-Distributors - Femmes du Chaos V\u00e9n\u00e9zu\u00e9lien \/ Women of the Venezuelan Chaos - Margarita Cadenas","isPartOf":{"@id":"https:\/\/mc2-productions.net\/site\/femmesduchaosvenezuelien\/#website"},"datePublished":"2018-09-12T00:18:18+00:00","dateModified":"2018-09-12T03:16:03+00:00","breadcrumb":{"@id":"https:\/\/mc2-productions.net\/site\/femmesduchaosvenezuelien\/producteurs-distributeurs-producers-distributors\/#breadcrumb"},"inLanguage":"en-US","potentialAction":[{"@type":"ReadAction","target":["https:\/\/mc2-productions.net\/site\/femmesduchaosvenezuelien\/producteurs-distributeurs-producers-distributors\/"]}]},{"@type":"BreadcrumbList","@id":"https:\/\/mc2-productions.net\/site\/femmesduchaosvenezuelien\/producteurs-distributeurs-producers-distributors\/#breadcrumb","itemListElement":[{"@type":"ListItem","position":1,"name":"Home","item":"https:\/\/mc2-productions.net\/site\/femmesduchaosvenezuelien\/"},{"@type":"ListItem","position":2,"name":"Producteurs-ProducersDistributeurs-Distributors"}]},{"@type":"WebSite","@id":"https:\/\/mc2-productions.net\/site\/femmesduchaosvenezuelien\/#website","url":"https:\/\/mc2-productions.net\/site\/femmesduchaosvenezuelien\/","name":"Femmes du Chaos V\u00e9n\u00e9zu\u00e9lien \/ Women of the Venezuelan Chaos - Margarita Cadenas","description":"un documentaire","publisher":{"@id":"https:\/\/mc2-productions.net\/site\/femmesduchaosvenezuelien\/#organization"},"potentialAction":[{"@type":"SearchAction","target":{"@type":"EntryPoint","urlTemplate":"https:\/\/mc2-productions.net\/site\/femmesduchaosvenezuelien\/?s={search_term_string}"},"query-input":{"@type":"PropertyValueSpecification","valueRequired":true,"valueName":"search_term_string"}}],"inLanguage":"en-US"},{"@type":"Organization","@id":"https:\/\/mc2-productions.net\/site\/femmesduchaosvenezuelien\/#organization","name":"Femmes du Chaos V\u00e9n\u00e9zu\u00e9lien \/ Women of the Venezuelan Chaos - Margarita Cadenas","url":"https:\/\/mc2-productions.net\/site\/femmesduchaosvenezuelien\/","logo":{"@type":"ImageObject","inLanguage":"en-US","@id":"https:\/\/mc2-productions.net\/site\/femmesduchaosvenezuelien\/#\/schema\/logo\/image\/","url":"https:\/\/mc2-productions.net\/site\/femmesduchaosvenezuelien\/wp-content\/uploads\/2017\/10\/Logo-Femme-du-Chaos-Menu-web.png","contentUrl":"https:\/\/mc2-productions.net\/site\/femmesduchaosvenezuelien\/wp-content\/uploads\/2017\/10\/Logo-Femme-du-Chaos-Menu-web.png","width":960,"height":489,"caption":"Femmes du Chaos V\u00e9n\u00e9zu\u00e9lien \/ Women of the Venezuelan Chaos - Margarita Cadenas"},"image":{"@id":"https:\/\/mc2-productions.net\/site\/femmesduchaosvenezuelien\/#\/schema\/logo\/image\/"}}]}},"_links":{"self":[{"href":"https:\/\/mc2-productions.net\/site\/femmesduchaosvenezuelien\/wp-json\/wp\/v2\/pages\/1940","targetHints":{"allow":["GET"]}}],"collection":[{"href":"https:\/\/mc2-productions.net\/site\/femmesduchaosvenezuelien\/wp-json\/wp\/v2\/pages"}],"about":[{"href":"https:\/\/mc2-productions.net\/site\/femmesduchaosvenezuelien\/wp-json\/wp\/v2\/types\/page"}],"author":[{"embeddable":true,"href":"https:\/\/mc2-productions.net\/site\/femmesduchaosvenezuelien\/wp-json\/wp\/v2\/users\/1"}],"replies":[{"embeddable":true,"href":"https:\/\/mc2-productions.net\/site\/femmesduchaosvenezuelien\/wp-json\/wp\/v2\/comments?post=1940"}],"version-history":[{"count":0,"href":"https:\/\/mc2-productions.net\/site\/femmesduchaosvenezuelien\/wp-json\/wp\/v2\/pages\/1940\/revisions"}],"wp:attachment":[{"href":"https:\/\/mc2-productions.net\/site\/femmesduchaosvenezuelien\/wp-json\/wp\/v2\/media?parent=1940"}],"curies":[{"name":"wp","href":"https:\/\/api.w.org\/{rel}","templated":true}]}}