{"id":153,"date":"2015-04-11T17:29:38","date_gmt":"2015-04-11T17:29:38","guid":{"rendered":"http:\/\/mc2-productions.net\/inversionestalento\/?page_id=153"},"modified":"2015-04-11T17:29:38","modified_gmt":"2015-04-11T17:29:38","slug":"mas-alla-de-las-apariencias-au-dela-des-apparences","status":"publish","type":"page","link":"https:\/\/mc2-productions.net\/inversionestalento\/producciones\/documentales\/mas-alla-de-las-apariencias-au-dela-des-apparences\/","title":{"rendered":"M\u00e1s all\u00e1 de las apariencias \/ Au del\u00e0 des apparences"},"content":{"rendered":"<p><strong><img loading=\"lazy\" decoding=\"async\" class=\"alignright\" src=\"http:\/\/mc2-productions.net\/wp-content\/uploads\/2013\/12\/audela1.jpg\" alt=\"\" width=\"295\" height=\"147\" \/>Documental <\/strong><\/p>\n<p><strong>Duraci\u00f3n<\/strong>: 52\u2019 min.<\/p>\n<p><strong>Autora y Directora: <\/strong>Margarita Cadenas.<\/p>\n<p><strong>Locaciones<\/strong>: Paris, Puerto Ayacucho, Venezuela, Amazonie, C\u00e9vennes.<\/p>\n<p><strong>Formato<\/strong>: V\u00eddeo num\u00e9rico.<\/p>\n<p><strong>Distribuci\u00f3n internacional<\/strong>: Amazonia Films.<\/p>\n<p>Basada en la pasi\u00f3n por los indios Yanomami de los a\u00f1os 60 de las diferentes corrientes de la antropolog\u00eda y de antrop\u00f3logos, este documental nos permite ir al encuentro de Jacques Lizot, desde que lleg\u00f3 a la Amazonia venezolana, en 1968, donde vivi\u00f3 por m\u00e1s de veinte a\u00f1os hasta su regreso a su pa\u00eds natal, Francia.<\/p>\n<p>La primera proyecci\u00f3n se hizo en el Coll\u00e8ge de France en Par\u00eds.<\/p>\n<p>Distribuido en filmotecas de Venezuela, Colombia y Brasil.<\/p>\n<p>Nominada a la Mejor Opera Prima (debut) en la Documenta Festival 2007.<\/p>\n<p>\u201cM\u00e1s all\u00e1 de las apariencias\u201d fue escrita y dirigida por Margarita Cadenas, producido por Mc\u00b2 Productions en colaboraci\u00f3n con RCTV, Cinesens y A. Kerjean.<\/p>\n<h3><strong>Galer\u00eda de fotos<\/strong><\/h3>\n<p>Para mayor informaci\u00f3n:<\/p>\n<p><a href=\"http:\/\/www.imdb.com\/title\/tt0980945\/?ref_=nm_flmg_prd_5\" target=\"_blank\">http:\/\/www.imdb.com\/title\/tt0980945\/?ref_=nm_flmg_prd_5<\/a><\/p>\n<p><iframe loading=\"lazy\" src=\"\/\/www.youtube.com\/embed\/CPPbafjDLkU?rel=0\" width=\"640\" height=\"480\" frameborder=\"0\" allowfullscreen=\"allowfullscreen\"><\/iframe><\/p>\n","protected":false},"excerpt":{"rendered":"<p>Documental Duraci\u00f3n: 52\u2019 min. Autora y Directora: Margarita Cadenas. Locaciones: Paris, Puerto Ayacucho, Venezuela, Amazonie, C\u00e9vennes. Formato: V\u00eddeo num\u00e9rico. Distribuci\u00f3n internacional: Amazonia Films. Basada en la pasi\u00f3n por los indios Yanomami de los a\u00f1os 60 de las diferentes corrientes de la antropolog\u00eda y de antrop\u00f3logos, este documental nos permite ir al encuentro de Jacques Lizot, [&hellip;]<\/p>\n","protected":false},"author":1,"featured_media":0,"parent":15,"menu_order":0,"comment_status":"open","ping_status":"open","template":"","meta":{"footnotes":""},"class_list":["post-153","page","type-page","status-publish","hentry"],"aioseo_notices":[],"_links":{"self":[{"href":"https:\/\/mc2-productions.net\/inversionestalento\/wp-json\/wp\/v2\/pages\/153","targetHints":{"allow":["GET"]}}],"collection":[{"href":"https:\/\/mc2-productions.net\/inversionestalento\/wp-json\/wp\/v2\/pages"}],"about":[{"href":"https:\/\/mc2-productions.net\/inversionestalento\/wp-json\/wp\/v2\/types\/page"}],"author":[{"embeddable":true,"href":"https:\/\/mc2-productions.net\/inversionestalento\/wp-json\/wp\/v2\/users\/1"}],"replies":[{"embeddable":true,"href":"https:\/\/mc2-productions.net\/inversionestalento\/wp-json\/wp\/v2\/comments?post=153"}],"version-history":[{"count":1,"href":"https:\/\/mc2-productions.net\/inversionestalento\/wp-json\/wp\/v2\/pages\/153\/revisions"}],"predecessor-version":[{"id":154,"href":"https:\/\/mc2-productions.net\/inversionestalento\/wp-json\/wp\/v2\/pages\/153\/revisions\/154"}],"up":[{"embeddable":true,"href":"https:\/\/mc2-productions.net\/inversionestalento\/wp-json\/wp\/v2\/pages\/15"}],"wp:attachment":[{"href":"https:\/\/mc2-productions.net\/inversionestalento\/wp-json\/wp\/v2\/media?parent=153"}],"curies":[{"name":"wp","href":"https:\/\/api.w.org\/{rel}","templated":true}]}}